{"id":7271,"date":"2023-04-17T11:14:38","date_gmt":"2023-04-17T09:14:38","guid":{"rendered":"https:\/\/www.raiffeisen-duengershop.de\/?post_type=product&#038;p=7271"},"modified":"2025-01-10T14:02:27","modified_gmt":"2025-01-10T13:02:27","slug":"emiko-garten-und-bodenaktivator","status":"publish","type":"product","link":"https:\/\/wordpress.netpeak.biz\/duengershop-2025\/produkt\/garten\/emiko-garten-und-bodenaktivator\/","title":{"rendered":"EMIKO Garten- und Bodenaktivator"},"content":{"rendered":"<div class=\"col-sm-8\">\n<div class=\"panel\">\n<h3>Effektive Mikroorganismen (EM)<\/h3>\n<p>Weitere Informationen \u00fcber EM finden Sie hier:<\/p>\n<p><a href=\"https:\/\/www.raiffeisen-laborservice.de\/Effektive-Mikroorganismen\">https:\/\/www.raiffeisen-laborservice.de\/Effektive-Mikroorganismen<\/a><\/p>\n<h3>EMIKO Garten- und Boden-Aktivator<\/h3>\n<ul>\n<li>f\u00f6rdert ein aktives Bodenleben und erg\u00e4nzt positive Mikroorganismen<\/li>\n<li>sorgt f\u00fcr dauerhafte Bodenfruchtbarkeit<\/li>\n<li>verbessert Bodenstruktur, Wasser-, Luft- und W\u00e4rmehaushalt<\/li>\n<li>mineralisiert nat\u00fcrliche N\u00e4hrstoffe aus dem Boden und macht sie f\u00fcr Pflanzen verf\u00fcgbar<\/li>\n<li>f\u00f6rdert den Humusaufbau und somit die Vitalit\u00e4t des Bodens<\/li>\n<\/ul>\n<\/div>\n<h3>Anwendung:<\/h3>\n<p>Konzentrat mit Milchs\u00e4ure-, Photosynthesebakterien und Hefen zur sofortigen verd\u00fcnnten Anwendung mit Wasser.<\/p>\n<p>1 Liter Garten- und Bodenaktivator reicht f\u00fcr ca. 50 m\u00b2 Boden:<\/p>\n<p>In einer 10 Liter Giesskanne 200 ml Bodenaktivator mit Wasser auf 10 l verd\u00fcnnen und auf 10 m\u00b2 ausbringen.<\/p>\n<p>Wichtig: Zu einer Minerald\u00fcngung sollten 14 Tage Abstand eingehalten werden!<\/p>\n<p>Mit der Bodenanalyse Experte vom Raiffeisen-Laborservice erhalten Sie eine genaue Dosierempfehlung.<\/p>\n<h3>Lagerungshinweis:<\/h3>\n<p>Trocken und vor Sonne gesch\u00fctzt lagern.\u00a0 Angebrochene Verpackungen dicht verschliessen.<\/p>\n<\/div>\n","protected":false},"excerpt":{"rendered":"<p>Bodenhilfsstoff zur Verbesserung aller B\u00f6den durch Bodenlockerung, Bodenbelebung und Humusbildung<\/p>\n","protected":false},"featured_media":7275,"template":"","meta":[],"product_brand":[],"product_cat":[31,32,74,37,38],"product_tag":[],"class_list":{"0":"post-7271","1":"product","2":"type-product","3":"status-publish","4":"has-post-thumbnail","6":"product_cat-garten","7":"product_cat-obstbau","8":"product_cat-bodenverbesserung","9":"product_cat-fluessigduenger","10":"product_cat-bio-duenger","12":"first","13":"instock","14":"sale","15":"featured","16":"taxable","17":"shipping-taxable","18":"purchasable","19":"product-type-variable"},"_links":{"self":[{"href":"https:\/\/wordpress.netpeak.biz\/duengershop-2025\/wp-json\/wp\/v2\/product\/7271","targetHints":{"allow":["GET"]}}],"collection":[{"href":"https:\/\/wordpress.netpeak.biz\/duengershop-2025\/wp-json\/wp\/v2\/product"}],"about":[{"href":"https:\/\/wordpress.netpeak.biz\/duengershop-2025\/wp-json\/wp\/v2\/types\/product"}],"wp:featuredmedia":[{"embeddable":true,"href":"https:\/\/wordpress.netpeak.biz\/duengershop-2025\/wp-json\/wp\/v2\/media\/7275"}],"wp:attachment":[{"href":"https:\/\/wordpress.netpeak.biz\/duengershop-2025\/wp-json\/wp\/v2\/media?parent=7271"}],"wp:term":[{"taxonomy":"product_brand","embeddable":true,"href":"https:\/\/wordpress.netpeak.biz\/duengershop-2025\/wp-json\/wp\/v2\/product_brand?post=7271"},{"taxonomy":"product_cat","embeddable":true,"href":"https:\/\/wordpress.netpeak.biz\/duengershop-2025\/wp-json\/wp\/v2\/product_cat?post=7271"},{"taxonomy":"product_tag","embeddable":true,"href":"https:\/\/wordpress.netpeak.biz\/duengershop-2025\/wp-json\/wp\/v2\/product_tag?post=7271"}],"curies":[{"name":"wp","href":"https:\/\/api.w.org\/{rel}","templated":true}]}}