{"id":63,"date":"2018-02-14T09:39:06","date_gmt":"2018-02-14T08:39:06","guid":{"rendered":"https:\/\/www.raiffeisen-duengershop.de\/?post_type=product&#038;p=63"},"modified":"2025-01-10T13:57:05","modified_gmt":"2025-01-10T12:57:05","slug":"eisen-citrat-50-g-fe-l","status":"publish","type":"product","link":"https:\/\/wordpress.netpeak.biz\/duengershop-2025\/produkt\/einzelnaehrstoffe\/spurenelementduenger\/eisen-citrat-50-g-fe-l\/","title":{"rendered":"Eisen-Blattd\u00fcngerl\u00f6sung mit 55 g Fe\/l"},"content":{"rendered":"<ul>\n<li>N\u00e4hrstoffe: 4,5 % wasserl\u00f6sliches Eisen (Fe) 55 g\/l\u00a0 komplexiert mit Heptaglucons\u00e4ure<\/li>\n<li>Dichte: 1,25 kg\/l<\/li>\n<li>pH-Wert: 4- 5<\/li>\n<li>Farbe: dunkelbraun<\/li>\n<li>Lagerung: nicht unter 4 \u00b0C<\/li>\n<\/ul>\n<p>Eisen ist schlecht verf\u00fcgbar auf kalkreichen B\u00f6den, B\u00f6den mit hohem Kupfergehalt und bei hohem pH-Wert. Eisenmangel verursacht Wuchshemmung und Chlorose an den j\u00fcngsten Bl\u00e4ttern. Blattadern bleiben gr\u00fcn.<\/p>\n<h3>Sicherheitsdatenblatt:<\/h3>\n<p><a href=\"https:\/\/www.raiffeisen-duengershop.de\/wp-content\/uploads\/2018\/02\/SDB-Eisencitrat.pdf\" target=\"_blank\" rel=\"noopener\">SDB Eisencitrat<\/a><\/p>\n<h3>Anwendung:<\/h3>\n<p>Nur nach den Empfehlungen aus einer Boden-\/Pflanzenanalyse, wenn ein tats\u00e4chlicher Bedarf nachgewiesen wurde. Bei \u00dcberdosierung k\u00f6nnen in bestimmten Kulturen Sch\u00e4den auftreten.<\/p>\n<h3>Lagerungshinweis:<\/h3>\n<p>Trocken und vor Sonne gesch\u00fctzt lagern. F\u00fcr Kinder und Haustiere unerreichbar aufbewahren. D\u00fcnger nicht ins Abwasser oder freie Gew\u00e4sser gelangen lassen. Angebrochene Verpackungen dicht verschliessen.<\/p>\n","protected":false},"excerpt":{"rendered":"<p>Eisen-D\u00fcngerl\u00f6sung zur Blattd\u00fcngung.<\/p>\n","protected":false},"featured_media":1252,"template":"","meta":[],"product_brand":[],"product_cat":[32,33,34,61,37],"product_tag":[],"class_list":{"0":"post-63","1":"product","2":"type-product","3":"status-publish","4":"has-post-thumbnail","6":"product_cat-obstbau","7":"product_cat-weihnachtsbaum","8":"product_cat-weinbau","9":"product_cat-spurenelementduenger","10":"product_cat-fluessigduenger","12":"first","13":"instock","14":"taxable","15":"shipping-taxable","16":"purchasable","17":"product-type-variable"},"_links":{"self":[{"href":"https:\/\/wordpress.netpeak.biz\/duengershop-2025\/wp-json\/wp\/v2\/product\/63","targetHints":{"allow":["GET"]}}],"collection":[{"href":"https:\/\/wordpress.netpeak.biz\/duengershop-2025\/wp-json\/wp\/v2\/product"}],"about":[{"href":"https:\/\/wordpress.netpeak.biz\/duengershop-2025\/wp-json\/wp\/v2\/types\/product"}],"wp:featuredmedia":[{"embeddable":true,"href":"https:\/\/wordpress.netpeak.biz\/duengershop-2025\/wp-json\/wp\/v2\/media\/1252"}],"wp:attachment":[{"href":"https:\/\/wordpress.netpeak.biz\/duengershop-2025\/wp-json\/wp\/v2\/media?parent=63"}],"wp:term":[{"taxonomy":"product_brand","embeddable":true,"href":"https:\/\/wordpress.netpeak.biz\/duengershop-2025\/wp-json\/wp\/v2\/product_brand?post=63"},{"taxonomy":"product_cat","embeddable":true,"href":"https:\/\/wordpress.netpeak.biz\/duengershop-2025\/wp-json\/wp\/v2\/product_cat?post=63"},{"taxonomy":"product_tag","embeddable":true,"href":"https:\/\/wordpress.netpeak.biz\/duengershop-2025\/wp-json\/wp\/v2\/product_tag?post=63"}],"curies":[{"name":"wp","href":"https:\/\/api.w.org\/{rel}","templated":true}]}}