{"id":53,"date":"2018-02-14T09:27:11","date_gmt":"2018-02-14T08:27:11","guid":{"rendered":"https:\/\/www.raiffeisen-duengershop.de\/?post_type=product&#038;p=53"},"modified":"2025-01-10T11:23:32","modified_gmt":"2025-01-10T10:23:32","slug":"kali-60","status":"publish","type":"product","link":"https:\/\/wordpress.netpeak.biz\/duengershop-2025\/produkt\/einzelnaehrstoffe\/k-duenger\/kali-60\/","title":{"rendered":"Kali 60%"},"content":{"rendered":"<p>60er Kali\u00ae gran. enth\u00e4lt den wichtigen Pflanzenn\u00e4hrstoff Kalium in Form von Kaliumchlorid in einer N\u00e4hrstoffkonzentration von min. 60 % K2O (wasserl\u00f6sliches Kaliumoxid). Es ist f\u00fcr alle chlorid<strong>un<\/strong>empfindlichen Kulturen geeignet und wegen seines engen Kornspektrums sehr gut ausbringbar. Kalium erh\u00f6ht die Frost- und Trockenresistenz der Pflanze sowie die Widerstandskraft gegen Sch\u00e4dlinge und Pilzbefall.<\/p>\n<h3>Sicherheitsdatenblatt:<\/h3>\n<p><a href=\"https:\/\/www.raiffeisen-duengershop.de\/wp-content\/uploads\/2018\/02\/SDB-Kali-60-Prozent.pdf\" target=\"_blank\" rel=\"noopener\">SDB Kali 60%<\/a><\/p>\n<h3>Anwendung:<\/h3>\n<p>Nur nach den Empfehlungen aus einer Bodenanalyse, denn eine \u00dcberdosierung kann zu Magnesium und Kalziummangel f\u00fchren.<\/p>\n<h3>Lagerungshinweis:<\/h3>\n<p>Trocken und vor Sonne gesch\u00fctzt lagern. F\u00fcr Kinder und Haustiere unerreichbar aufbewahren. D\u00fcnger nicht ins Abwasser oder freie Gew\u00e4sser gelangen lassen. Angebrochene Verpackungen dicht verschliessen.<\/p>\n","protected":false},"excerpt":{"rendered":"<p>60er Kali\u00ae gran. Kaliumchlorid 60, 60 % K<sub>2<\/sub>O wasserl\u00f6sliches Kaliumoxid.<\/p>\n","protected":false},"featured_media":86,"template":"","meta":[],"product_brand":[],"product_cat":[31,58,36,38],"product_tag":[],"class_list":{"0":"post-53","1":"product","2":"type-product","3":"status-publish","4":"has-post-thumbnail","6":"product_cat-garten","7":"product_cat-k-duenger","8":"product_cat-feste-duenger","9":"product_cat-bio-duenger","11":"first","12":"instock","13":"sale","14":"taxable","15":"shipping-taxable","16":"purchasable","17":"product-type-variable"},"_links":{"self":[{"href":"https:\/\/wordpress.netpeak.biz\/duengershop-2025\/wp-json\/wp\/v2\/product\/53","targetHints":{"allow":["GET"]}}],"collection":[{"href":"https:\/\/wordpress.netpeak.biz\/duengershop-2025\/wp-json\/wp\/v2\/product"}],"about":[{"href":"https:\/\/wordpress.netpeak.biz\/duengershop-2025\/wp-json\/wp\/v2\/types\/product"}],"wp:featuredmedia":[{"embeddable":true,"href":"https:\/\/wordpress.netpeak.biz\/duengershop-2025\/wp-json\/wp\/v2\/media\/86"}],"wp:attachment":[{"href":"https:\/\/wordpress.netpeak.biz\/duengershop-2025\/wp-json\/wp\/v2\/media?parent=53"}],"wp:term":[{"taxonomy":"product_brand","embeddable":true,"href":"https:\/\/wordpress.netpeak.biz\/duengershop-2025\/wp-json\/wp\/v2\/product_brand?post=53"},{"taxonomy":"product_cat","embeddable":true,"href":"https:\/\/wordpress.netpeak.biz\/duengershop-2025\/wp-json\/wp\/v2\/product_cat?post=53"},{"taxonomy":"product_tag","embeddable":true,"href":"https:\/\/wordpress.netpeak.biz\/duengershop-2025\/wp-json\/wp\/v2\/product_tag?post=53"}],"curies":[{"name":"wp","href":"https:\/\/api.w.org\/{rel}","templated":true}]}}