{"id":52,"date":"2018-02-14T09:26:23","date_gmt":"2018-02-14T08:26:23","guid":{"rendered":"https:\/\/www.raiffeisen-duengershop.de\/?post_type=product&#038;p=52"},"modified":"2025-01-10T11:24:34","modified_gmt":"2025-01-10T10:24:34","slug":"kalimagnesia-3010","status":"publish","type":"product","link":"https:\/\/wordpress.netpeak.biz\/duengershop-2025\/produkt\/einzelnaehrstoffe\/k-duenger\/kalimagnesia-3010\/","title":{"rendered":"Kalimagnesia 30+10"},"content":{"rendered":"<p>Patentkali enth\u00e4lt 30% Kaliumsulfat als wasserl\u00f6sliches Granulat. Da es chloridarm ist, kann es auch in chloridempfindlichen Kulturen eingesetzt werden: Stachelbeere, Himbeere, Erdbeere, Brombeere, Heidelbeere, Zitrusfr\u00fcchte, Pfirsich, Kern- und Steinobst (speziell S\u00fc\u00dfkirsche), Buschbohne, Dicke Bohne, Gurke, Melone, Zwiebel, Salat, Fr\u00fchgem\u00fcse, alle Unterglaskulturen, Koniferen, Blumen und Zierpflanzen sowie Keimlinge und Setzlinge der meisten Pflanzen.<\/p>\n<p>Kalium erh\u00f6ht die Frost- und Trockenresistenz der Pflanze sowie die Widerstandskraft gegen Sch\u00e4dlinge und Pilzbefall. Im Bio-Anbau zugelassen.<\/p>\n<h3>Sicherheitsdatenblatt:<\/h3>\n<p><a href=\"https:\/\/www.raiffeisen-duengershop.de\/wp-content\/uploads\/2020\/10\/SDB-Kalimagnesia.pdf\">SDB Kalimagnesia<\/a><\/p>\n<h3>Anwendung:<\/h3>\n<p>Nur nach den Empfehlungen aus einer Bodenanalyse, denn eine \u00dcberdosierung kann zu Magnesium und Kalziummangel f\u00fchren.<\/p>\n","protected":false},"excerpt":{"rendered":"<p>Patentkali (Kalimagnesia) 30% K<sub>2<\/sub>O + 10% MgO + 17% S<\/p>\n","protected":false},"featured_media":136,"template":"","meta":[],"product_brand":[],"product_cat":[31,32,33,34,58,59,36,38],"product_tag":[],"class_list":{"0":"post-52","1":"product","2":"type-product","3":"status-publish","4":"has-post-thumbnail","6":"product_cat-garten","7":"product_cat-obstbau","8":"product_cat-weihnachtsbaum","9":"product_cat-weinbau","10":"product_cat-k-duenger","11":"product_cat-mg-duenger","12":"product_cat-feste-duenger","13":"product_cat-bio-duenger","15":"first","16":"instock","17":"sale","18":"featured","19":"taxable","20":"shipping-taxable","21":"purchasable","22":"product-type-variable"},"_links":{"self":[{"href":"https:\/\/wordpress.netpeak.biz\/duengershop-2025\/wp-json\/wp\/v2\/product\/52","targetHints":{"allow":["GET"]}}],"collection":[{"href":"https:\/\/wordpress.netpeak.biz\/duengershop-2025\/wp-json\/wp\/v2\/product"}],"about":[{"href":"https:\/\/wordpress.netpeak.biz\/duengershop-2025\/wp-json\/wp\/v2\/types\/product"}],"wp:featuredmedia":[{"embeddable":true,"href":"https:\/\/wordpress.netpeak.biz\/duengershop-2025\/wp-json\/wp\/v2\/media\/136"}],"wp:attachment":[{"href":"https:\/\/wordpress.netpeak.biz\/duengershop-2025\/wp-json\/wp\/v2\/media?parent=52"}],"wp:term":[{"taxonomy":"product_brand","embeddable":true,"href":"https:\/\/wordpress.netpeak.biz\/duengershop-2025\/wp-json\/wp\/v2\/product_brand?post=52"},{"taxonomy":"product_cat","embeddable":true,"href":"https:\/\/wordpress.netpeak.biz\/duengershop-2025\/wp-json\/wp\/v2\/product_cat?post=52"},{"taxonomy":"product_tag","embeddable":true,"href":"https:\/\/wordpress.netpeak.biz\/duengershop-2025\/wp-json\/wp\/v2\/product_tag?post=52"}],"curies":[{"name":"wp","href":"https:\/\/api.w.org\/{rel}","templated":true}]}}