{"id":428,"date":"2018-12-21T16:31:02","date_gmt":"2018-12-21T15:31:02","guid":{"rendered":"https:\/\/www.raiffeisen-duengershop.de\/?post_type=product&#038;p=428"},"modified":"2025-01-10T09:47:31","modified_gmt":"2025-01-10T08:47:31","slug":"nachsaatmischung-pegasus","status":"publish","type":"product","link":"https:\/\/wordpress.netpeak.biz\/duengershop-2025\/produkt\/garten\/nachsaatmischung-pegasus\/","title":{"rendered":"Nachsaatmischung Pegasus"},"content":{"rendered":"<p>Rasennachsaat, 1 kg f\u00fcr bis zu 25 m\u00b2<br \/>\nPegasus Nachsaat eignet sich ideal f\u00fcr die Nachsaat bei L\u00fccken und lichten Stellen in Rasenfl\u00e4chen.<\/p>\n<h3>Hersteller:<\/h3>\n<p>Kiepenkerl<\/p>\n<h3>Anwendung:<\/h3>\n<p>1. Mit Harke Boden anrauen<br \/>\n2. Saatgut gleichm\u00e4\u00dfig ausbringen ( 40 g\/qm\u00b2 )<br \/>\n3. Saatgut andr\u00fccken \/ walzen<br \/>\n4. In den ersten 4 Wochen feucht halten ( Keimdauer 10 &#8211; 14 Tage )<br \/>\n5. M\u00e4hen nach ca. 3 &#8211; 4 Wochen ( Schnitth\u00f6he 4 &#8211; 5 cm )<\/p>\n<h3>Zusammensetzung:<\/h3>\n<ul>\n<li>35% Lolium perenne Nui<\/li>\n<li>35% Lolium perenne Temprano<\/li>\n<li>15% Lolium perenne Turfsun<\/li>\n<li>15% Festuca rubra rubra Ryde<\/li>\n<\/ul>\n<p>Die Zusammensetzung kann eventuell geringf\u00fcgig abweichen.<\/p>\n<h3>Lagerungshinweis:<\/h3>\n<p>Trocken und vor Sonne gesch\u00fctzt lagern. Angebrochene Verpackungen dicht verschliessen.<\/p>\n","protected":false},"excerpt":{"rendered":"<p>Pegasus Nachsaat eignet sich ideal f\u00fcr die Nachsaat bei L\u00fccken und lichten Stellen in Rasenfl\u00e4chen.<\/p>\n","protected":false},"featured_media":414,"template":"","meta":[],"product_brand":[],"product_cat":[31,71],"product_tag":[],"class_list":{"0":"post-428","1":"product","2":"type-product","3":"status-publish","4":"has-post-thumbnail","6":"product_cat-garten","7":"product_cat-saatgut","9":"first","10":"instock","11":"sale","12":"taxable","13":"shipping-taxable","14":"purchasable","15":"product-type-variable"},"_links":{"self":[{"href":"https:\/\/wordpress.netpeak.biz\/duengershop-2025\/wp-json\/wp\/v2\/product\/428","targetHints":{"allow":["GET"]}}],"collection":[{"href":"https:\/\/wordpress.netpeak.biz\/duengershop-2025\/wp-json\/wp\/v2\/product"}],"about":[{"href":"https:\/\/wordpress.netpeak.biz\/duengershop-2025\/wp-json\/wp\/v2\/types\/product"}],"wp:featuredmedia":[{"embeddable":true,"href":"https:\/\/wordpress.netpeak.biz\/duengershop-2025\/wp-json\/wp\/v2\/media\/414"}],"wp:attachment":[{"href":"https:\/\/wordpress.netpeak.biz\/duengershop-2025\/wp-json\/wp\/v2\/media?parent=428"}],"wp:term":[{"taxonomy":"product_brand","embeddable":true,"href":"https:\/\/wordpress.netpeak.biz\/duengershop-2025\/wp-json\/wp\/v2\/product_brand?post=428"},{"taxonomy":"product_cat","embeddable":true,"href":"https:\/\/wordpress.netpeak.biz\/duengershop-2025\/wp-json\/wp\/v2\/product_cat?post=428"},{"taxonomy":"product_tag","embeddable":true,"href":"https:\/\/wordpress.netpeak.biz\/duengershop-2025\/wp-json\/wp\/v2\/product_tag?post=428"}],"curies":[{"name":"wp","href":"https:\/\/api.w.org\/{rel}","templated":true}]}}