{"id":2498,"date":"2020-12-09T08:40:42","date_gmt":"2020-12-09T07:40:42","guid":{"rendered":"https:\/\/www.raiffeisen-duengershop.de\/?post_type=product&#038;p=2498"},"modified":"2025-01-10T12:27:10","modified_gmt":"2025-01-10T11:27:10","slug":"schafwollpellets-organischer-bio-duenger","status":"publish","type":"product","link":"https:\/\/wordpress.netpeak.biz\/duengershop-2025\/produkt\/einzelnaehrstoffe\/n-duenger\/schafwollpellets-organischer-bio-duenger\/","title":{"rendered":"Nature Power Schafwollpellets  mit 11% organischem Stickstoff"},"content":{"rendered":"<h3>Eigenschaften:<\/h3>\n<p>Nature Power Schafwollpellets sind ein organischer Bio-Stickstoffd\u00fcnger mit lange anhaltender Wirkung (ca. 3-6 Monate). Ein naturnaher organischer D\u00fcnger aus tierfreundlicher, deutscher Produktion. Die Schafwollpellets enthalten 11% organischen Stickstoff und 4% Kalium. Sie wirken sich positiv auf die Struktur und die Wasserspeicherkraft des Bodens aus und f\u00f6rdern das Bodenleben. Das hilft den Pflanzen, Klimastress besser zu \u00fcberstehen.<\/p>\n<h3>Anwendung:<\/h3>\n<p><img loading=\"lazy\" decoding=\"async\" class=\"alignnone size-medium wp-image-2511\" src=\"https:\/\/www.raiffeisen-duengershop.de\/wp-content\/uploads\/2020\/12\/Pellets-on-white-2-300x201.jpg\" alt=\"\" width=\"300\" height=\"201\" srcset=\"https:\/\/wordpress.netpeak.biz\/duengershop-2025\/wp-content\/uploads\/2020\/12\/Pellets-on-white-2-300x201.jpg 300w, https:\/\/wordpress.netpeak.biz\/duengershop-2025\/wp-content\/uploads\/2020\/12\/Pellets-on-white-2-768x514.jpg 768w, https:\/\/wordpress.netpeak.biz\/duengershop-2025\/wp-content\/uploads\/2020\/12\/Pellets-on-white-2-1024x686.jpg 1024w, https:\/\/wordpress.netpeak.biz\/duengershop-2025\/wp-content\/uploads\/2020\/12\/Pellets-on-white-2-600x402.jpg 600w\" sizes=\"auto, (max-width: 300px) 100vw, 300px\" \/><\/p>\n<p>Peletts in die Erde einarbeiten. Dosierung m\u00f6glichst nach unseren Empfehlungen aus der Bodenanalyse.<\/p>\n<ul>\n<li>Dosierung Gem\u00fcse:\u00a0 70 g pro m\u00b2 bei geringem Stickstoffbedarf wie Erbsen, Feldsalat und Bohnen.<br \/>\n100 g pro m\u00b2 bei normalem Stickstoffbedarf wie Kohlrabi, Karotten und Gurken.<br \/>\n150 g pro m\u00b2 bei hohem Stickstoffbedarf wie Kartoffeln, Kohl und Brokkoli.<\/li>\n<li>Dosierung Topfpflanzen:<br \/>\nUngef\u00e4hr 10 g (zwei Essl\u00f6ffel) auf 1 Liter Erde.<\/li>\n<li>Dosierung B\u00e4ume\/Geh\u00f6lze:<br \/>\n100 g pro Baum, eingearbeitet in die Erde. Bei gro\u00dfen B\u00e4umen auch mehr.<\/li>\n<\/ul>\n<h3>Lagerungshinweis:<\/h3>\n<p>Trocken und vor Sonne gesch\u00fctzt lagern. F\u00fcr Kinder und Haustiere unerreichbar aufbewahren. D\u00fcnger nicht ins Abwasser oder freie Gew\u00e4sser gelangen lassen. Angebrochene Verpackungen dicht verschliessen.<\/p>\n","protected":false},"excerpt":{"rendered":"<p>Schafwollpellets enthalten 11% organischen Stickstoff und 4% Kalium. Sie wirken sich positiv auf die Struktur und die Wasserspeicherkraft des Bodens aus. Damit helfen sie den Pflanzen, Klimastress besser zu \u00fcberstehen.<\/p>\n","protected":false},"featured_media":7396,"template":"","meta":[],"product_brand":[],"product_cat":[31,35,56,36,38],"product_tag":[],"class_list":{"0":"post-2498","1":"product","2":"type-product","3":"status-publish","4":"has-post-thumbnail","6":"product_cat-garten","7":"product_cat-einzelnaehrstoffe","8":"product_cat-n-duenger","9":"product_cat-feste-duenger","10":"product_cat-bio-duenger","12":"first","13":"instock","14":"sale","15":"featured","16":"taxable","17":"shipping-taxable","18":"purchasable","19":"product-type-variable"},"_links":{"self":[{"href":"https:\/\/wordpress.netpeak.biz\/duengershop-2025\/wp-json\/wp\/v2\/product\/2498","targetHints":{"allow":["GET"]}}],"collection":[{"href":"https:\/\/wordpress.netpeak.biz\/duengershop-2025\/wp-json\/wp\/v2\/product"}],"about":[{"href":"https:\/\/wordpress.netpeak.biz\/duengershop-2025\/wp-json\/wp\/v2\/types\/product"}],"wp:featuredmedia":[{"embeddable":true,"href":"https:\/\/wordpress.netpeak.biz\/duengershop-2025\/wp-json\/wp\/v2\/media\/7396"}],"wp:attachment":[{"href":"https:\/\/wordpress.netpeak.biz\/duengershop-2025\/wp-json\/wp\/v2\/media?parent=2498"}],"wp:term":[{"taxonomy":"product_brand","embeddable":true,"href":"https:\/\/wordpress.netpeak.biz\/duengershop-2025\/wp-json\/wp\/v2\/product_brand?post=2498"},{"taxonomy":"product_cat","embeddable":true,"href":"https:\/\/wordpress.netpeak.biz\/duengershop-2025\/wp-json\/wp\/v2\/product_cat?post=2498"},{"taxonomy":"product_tag","embeddable":true,"href":"https:\/\/wordpress.netpeak.biz\/duengershop-2025\/wp-json\/wp\/v2\/product_tag?post=2498"}],"curies":[{"name":"wp","href":"https:\/\/api.w.org\/{rel}","templated":true}]}}