{"id":11305,"date":"2025-06-17T11:29:22","date_gmt":"2025-06-17T09:29:22","guid":{"rendered":"https:\/\/www.raiffeisen-duengershop.de\/?post_type=product&#038;p=11305"},"modified":"2025-06-17T14:33:46","modified_gmt":"2025-06-17T12:33:46","slug":"terra-preta","status":"publish","type":"product","link":"https:\/\/wordpress.netpeak.biz\/duengershop-2025\/produkt\/garten\/terra-preta\/","title":{"rendered":"Terra Preta"},"content":{"rendered":"<p>Terra Preta bedeutet aus dem portogiesischen \u00fcbersetzt &#8222;schwarze Erde&#8220;. Hierbei handelt es sich um eine besonders fruchtbare, tiefschwarze Erde.<br \/>\nSie wurde urspr\u00fcnglich im Amazonasgebiet gefunden.<br \/>\nMit Hilfe von Pflanzenkohle, Kompost, organischen Abf\u00e4llen und darin enthaltenen Mikroorganismen fanden die indigenen V\u00f6lker eine M\u00f6glichkeit,<br \/>\ndie Bodenfruchtbarkeit nachhaltig zu f\u00f6rdern und ihre Nahrungsmittelversorgung trotz des kargen Regenwaldbodens zu sichern.<\/p>\n<p>Die Vorz\u00fcge von Terra Preta sind:<\/p>\n<ul>\n<li>Sie besteht aus erneuerbaren Rohstoffen<\/li>\n<li>100% frei von Torf und D\u00fcnger<\/li>\n<li>Verbessert die Wasserspeicherf\u00e4higkeit des Bodens<\/li>\n<li>F\u00f6rdert das Bodenleben und damit auch die Vitalit\u00e4t und Gesundheit der Pflanzen<\/li>\n<li>Erh\u00f6ht die Durchl\u00fcftung des Bodens<\/li>\n<li>Reduziert die Nitratauswaschung<\/li>\n<li>\u00dcber Pflanzenkohle wird CO2 im Boden gespeichert<\/li>\n<\/ul>\n<h3>Herkunft und Qualit\u00e4t:<\/h3>\n<p>Unsere Terra Preta stammt aus der Z\u00fclpicher B\u00f6rde von der Firma Marx in Z\u00fclpich. Die hervorragende Produktqualit\u00e4t wurde vom Raiffeisen-Laborservice best\u00e4tigt.<\/p>\n<h3>Anwendung:<\/h3>\n<p>2 Liter Terra Preta pro Quadratmeter werden oberfl\u00e4chlich ausgebracht. Regenw\u00fcrmer und Mikroorganismen bef\u00f6rdern die N\u00e4hrstoffe dann in tiefere Schichten.<\/p>\n<p>Viele Gartenb\u00f6den sind stark \u00fcberd\u00fcngt, insbesondere mit Phosphor und Kalium. In solchen F\u00e4llen ist Terra Preta das passende Produkt, da die Bodenfruchtbarkeit ohne wesentliche Zugaben von Phosphor und Kalium gef\u00f6rdert werden kann. Die Verbesserung der Speicherkapazit\u00e4t des Bodens f\u00fcr N\u00e4hrstoffe reduziert unerw\u00fcnschte Verluste in die Umwelt, insbesondere von Nitrat.<\/p>\n<p>&nbsp;<\/p>\n<h3>Lagerungshinweis:<\/h3>\n<p>Trocken lagern.<\/p>\n","protected":false},"excerpt":{"rendered":"<p>Terra Preta: B\u00f6den beleben, Pflanzenwachstum f\u00f6rdern und die Vielfalt der Natur unterst\u00fctzen. Weniger Gie\u00dfen &#8211; mehr genie\u00dfen.<\/p>\n","protected":false},"featured_media":11307,"template":"","meta":[],"product_brand":[],"product_cat":[31,74,38],"product_tag":[],"class_list":{"0":"post-11305","1":"product","2":"type-product","3":"status-publish","4":"has-post-thumbnail","6":"product_cat-garten","7":"product_cat-bodenverbesserung","8":"product_cat-bio-duenger","10":"first","11":"instock","12":"sale","13":"taxable","14":"shipping-taxable","15":"purchasable","16":"product-type-variable"},"_links":{"self":[{"href":"https:\/\/wordpress.netpeak.biz\/duengershop-2025\/wp-json\/wp\/v2\/product\/11305","targetHints":{"allow":["GET"]}}],"collection":[{"href":"https:\/\/wordpress.netpeak.biz\/duengershop-2025\/wp-json\/wp\/v2\/product"}],"about":[{"href":"https:\/\/wordpress.netpeak.biz\/duengershop-2025\/wp-json\/wp\/v2\/types\/product"}],"wp:featuredmedia":[{"embeddable":true,"href":"https:\/\/wordpress.netpeak.biz\/duengershop-2025\/wp-json\/wp\/v2\/media\/11307"}],"wp:attachment":[{"href":"https:\/\/wordpress.netpeak.biz\/duengershop-2025\/wp-json\/wp\/v2\/media?parent=11305"}],"wp:term":[{"taxonomy":"product_brand","embeddable":true,"href":"https:\/\/wordpress.netpeak.biz\/duengershop-2025\/wp-json\/wp\/v2\/product_brand?post=11305"},{"taxonomy":"product_cat","embeddable":true,"href":"https:\/\/wordpress.netpeak.biz\/duengershop-2025\/wp-json\/wp\/v2\/product_cat?post=11305"},{"taxonomy":"product_tag","embeddable":true,"href":"https:\/\/wordpress.netpeak.biz\/duengershop-2025\/wp-json\/wp\/v2\/product_tag?post=11305"}],"curies":[{"name":"wp","href":"https:\/\/api.w.org\/{rel}","templated":true}]}}